Determine c(3).
9
Let n(b) = b**3 - 6*b**2 - 2*b + 1. Determine n(6).
-11
Let x(z) = -z**3 - 9*z**2 - 9*z - 1. Determine x(-8).
7
Let f(q) = -2*q**3 - 2*q**2 + q - 4. Determine f(-3).
29
Let l(c) = -c**2 + 14*c - 3. Give l(13).
10
Let f(y) = y**3 + 6*y**2 - 7*y + 5. Determine f(-7).
5
Let c(b) = -7*b + 65. Calculate c(8).
9
Let x(m) = m**2 + 6*m - 12. What is x(-6)?
-12
Let p(b) = -b - 4. What is p(9)?
-13
Let w(g) = -g + 31. Give w(7).
24
Let d(f) = -f**2 - 4*f - 2. What is d(-4)?
-2
Let l(o) = -3*o - 2. Determine l(8).
-26
Let j(k) = -3*k + 17. Calculate j(5).
2
Let c(g) = g - 4. What is c(-14)?
-18
Let x(l) = -2*l**3 - 27*l**2 - 8*l + 6. Calculate x(-13).
-59
Let k(f) = f**3 - 6*f**2 + 2*f + 11. What is k(4)?
-13
Let a(i) = i**3 + 4*i**2 + 8*i + 8. What is a(-4)?
-24
Let n(a) = 3*a**3 + a**2 + 3*a - 14. Give n(0).
-14
Let t(i) = -17*i - 28. Calculate t(-2).
6
Let q(v) = 3*v**2 + 53*v + 37. Give q(-17).
3
Let j(h) = h - 5. Calculate j(3).
-2
Let w(x) = 8*x + 13. What is w(-10)?
-67
Let x(y) = -2*y**2 - 3*y - 12. Calculate x(-4).
-32
Let k(t) = -t**2 + 2*t + 9. Determine k(-6).
-39
Let o(x) = -x**3 - 14*x**2 + 2*x + 7. Calculate o(-14).
-21
Let q(l) = -l**3 - 7*l**2 - 5*l - 1. Give q(-6).
-7
Let z(d) = d**2 + 7*d - 6. Determine z(-11).
38
Let o(d) = 2*d**2 - 47*d - 78. Calculate o(25).
-3
Let w(g) = g - 6. Calculate w(-12).
-18
Let w(k) = -k**2 + k + 12. Calculate w(4).
0
Let a(g) = -g**2 + 12*g + 8. What is a(9)?
35
Let a(j) = 2*j**2 - 11*j + 3. Calculate a(5).
-2
Let k(h) = h**3 - 10*h**2 - 13*h + 4. Determine k(11).
-18
Let o(m) = 6*m - 110. Determine o(14).
-26
Let h(c) = 3*c - 26. Determine h(11).
7
Let o(j) = 7*j + 2. Determine o(-1).
-5
Let f(u) = 3*u**3 - 9*u**2 + u - 3. Calculate f(3).
0
Let g(n) = -n**3 - 7*n**2 + 6*n - 10. Calculate g(-7).
-52
Let b(j) = -j**3 - 6*j**2 - 2*j - 6. Calculate b(-4).
-30
Let f(c) = 9*c - 9. Determine f(-4).
-45
Let d(f) = -f**3 + 5*f**2 + 13*f - 5. What is d(7)?
-12
Let f(s) = s**3 - 7*s**2 + 5*s + 1. Calculate f(5).
-24
Let k(x) = x**2 - 20*x + 52. Determine k(17).
1
Let g(v) = v**2 + 4*v - 4. Calculate g(3).
17
Let k(y) = y**3 + y**2 - y - 1. Calculate k(-1).
0
Let u(n) = 7*n**2 - 38*n - 3. Calculate u(3).
-54
Let p(s) = 11*s - 2. Give p(2).
20
Let s(b) = b**3 + b**2 - b - 34. What is s(0)?
-34
Let j(h) = 6*h - 26. Calculate j(7).
16
Let l(r) = -r - 2. Give l(6).
-8
Let b(j) = 4*j - 90. Calculate b(21).
-6
Let s(y) = -y**3 - 18*y**2 - 16*y + 15. What is s(-17)?
-2
Let c(p) = -5*p - 5. Give c(1).
-10
Let d(n) = 2*n + 7. What is d(16)?
39
Let l(c) = 37*c + 222. What is l(-6)?
0
Let d(m) = 3*m - 3. Determine d(5).
12
Let f(t) = t**2 - 11*t + 7. What is f(7)?
-21
Let p(h) = h**2 + 15*h + 12. Give p(-14).
-2
Let r(v) = 8*v - 67. Calculate r(9).
5
Let h(c) = -30*c + 3. Give h(0).
3
Let h(f) = -f - 18. Calculate h(-8).
-10
Let r(f) = 13*f - 66. Give r(10).
64
Let x(g) = g**2 + 32*g - 65. Give x(-34).
3
Let v(s) = -12*s - 6. Give v(-2).
18
Let f(g) = -g**2 - 15*g + 5. What is f(-13)?
31
Let s(a) = a**3 + 4*a**2 + 4*a + 6. Give s(-4).
-10
Let u(c) = -c**2 + c + 6. Determine u(5).
-14
Let p(s) = -s**2 + 5*s + 13. Determine p(14).
-113
Let d(t) = -t**3 + 17*t**2 - 17*t + 20. Calculate d(16).
4
Let t(v) = 4*v**2 + 59*v - 81. What is t(-16)?
-1
Let i(f) = f**2 - 4*f - 10. What is i(5)?
-5
Let d(j) = -2*j + 74. Give d(14).
46
Let y(s) = -12*s**2 - 2*s - 1. What is y(-1)?
-11
Let d(k) = -27*k + 2. Give d(3).
-79
Let m(w) = w**3 - 10*w**2 + 2*w - 1. What is m(9)?
-64
Let a(b) = -b + 51. Determine a(7).
44
Let n(k) = 3*k - 6. Determine n(-5).
-21
Let y(c) = c**3 + 22*c**2 - 21*c + 52. Calculate y(-23).
6
Let j(z) = -2*z**3 - 11*z**2 - 3*z + 3. What is j(-5)?
-7
Let k(m) = m**2 - 8*m + 5. Calculate k(3).
-10
Let p(s) = -s**3 - s**2 - 7*s + 14. Give p(2).
-12
Let m(c) = 5*c**2 + 3*c + 5. Determine m(-3).
41
Let m(r) = -r**3 + 7*r**2 + 8*r - 3. Determine m(8).
-3
Let y(i) = i**2 - 15*i + 15. What is y(13)?
-11
Let a(l) = -3*l**3 - 17*l**2 + 8*l + 4. Give a(-6).
-8
Let x(u) = -u**3 - 8*u**2 + 14. What is x(-6)?
-58
Let k(p) = -p**2 + 5*p + 29. What is k(9)?
-7
Let n(m) = -m**3 + 11*m**2 + 26*m. Determine n(13).
0
Let i(c) = 2*c**2 - 50*c + 200. Calculate i(20).
0
Let t(i) = -15*i - 69. Give t(-17).
186
Let u(w) = -w**2 + 12*w - 4. What is u(9)?
23
Let v(p) = 32*p + 185. Determine v(-5).
25
Let d(k) = 4*k**3 - k**2. Determine d(3).
99
Let k(l) = -l**3 - 5*l**2 - 6*l + 3. Determine k(-5).
33
Let v(f) = -f**3 - 7*f**2 + 13*f - 27. Calculate v(-9).
18
Let c(i) = i**3 - 4*i**2 + 4*i - 3. What is c(3)?
0
Let y(z) = z - 54. Calculate y(41).
-13
Let i(z) = z**2 - 4*z - 1. Give i(5).
4
Let f(z) = z**2 + 10*z - 48. Give f(-14).
8
Let n(l) = -3*l**2 - 8*l. Calculate n(-3).
-3
Let g(k) = -k**2 + 4*k + 3. Give g(5).
-2
Let g(v) = v**2 + v + 9. Calculate g(0).
9
Let u(v) = -v**3 + 7*v**2 - v - 18. What is u(6)?
12
Let b(j) = j**3 + 35*j**2 + 3*j + 112. Calculate b(-35).
7
Let k(f) = 2*f + 41. Give k(-27).
-13
Let p(n) = n**2 - 7*n - 6. What is p(7)?
-6
Let q(x) = -x**2 - 15*x - 26. Give q(-13).
0
Let q(k) = k**3 - 5*k**2 + 12*k - 1. Calculate q(6).
107
Let g(b) = -16*b - 7. Give g(1).
-23
Let m(z) = z + 13. What is m(-14)?
-1
Let v(b) = b**3 - 30*b**2 + 28*b + 11. Calculate v(29).
-18
Let r(q) = -5*q + 2. What is r(-7)?
37
Let g(x) = -x**3 - 10*x**2 + 11*x - 9. Give g(-11).
-9
Let f(i) = -i**2 + 14*i - 20. Calculate f(9).
25
Let b(l) = l**2 + 6*l - 89. Give b(6).
-17
Let o(j) = -j + 11. Determine o(-9).
20
Let g(z) = 17*z - 65. Give g(4).
3
Let b(x) = -39*x**2 - x + 1. Calculate b(1).
-39
Let l(k) = -k**3 - 5*k**2 + 15*k + 6. Give l(-6).
-48
Let v(f) = -f + 21. Give v(5).
16
Let q(f) = -f**2 + 2*f - 2. Calculate q(0).
-2
Let d(h) = -10*h**3 + h**2 + 2*h + 1. Determine d(-1).
10
Let q(s) = -s**3 + 3*s**2 + 6*s - 10. Calculate q(5).
-30
Let k(b) = -b + 9. Calculate k(4).
5
Let x(p) = -2*p**2 + 55*p + 11. Calculate x(28).
-17
Let t(r) = r**2 + 15*r - 257. Calculate t(10).
-7
Let x(z) = z**2 - 11*z - 3. Determine x(15).
57
Let m(h) = -15*h**2 + 6*h + 4. Determine m(-2).
-68
Let j(z) = -5*z - 8. What is j(-6)?
22
Let n(x) = -x - 12. What is n(-8)?
-4
Let l(d) = -d**3 + 27*d**2 - 46*d - 109. What is l(25)?
-9
Let a(w) = 8*w + 57. What is a(-7)?
1
Let i(z) = -z + 5. Calculate i(2).
3
Let d(u) = 2*u**2 + 2*u + 11. Calculate d(-6).
71
Let g(z) = z**2 + 4*z - 7. Calculate g(-7).
14
Let y(h) = 6*h - 22. What is y(4)?
2
Let v(s) = -s**3 + 2*s + 1. Give v(-1).
0
Let b(o) = o**2 + 3*o + 22. Determine b(0).
22
Let c(m) = 2*m**3 + 18*m**2 + 16*m + 18. Determine c(-8).
18
Let y(t) = 2*t - 22. What is y(10)?
-2
Let w(a) = 2*a + 17. Give w(-6).
5
Let g(h) = h**2 + 11*h + 3. Give g(-5).
-27
Let n(p) = 12*p**2. Determine n(1).
12
Let h(z) = z - 4. Give h(2).
-2
Let k(j) = -j**3 - 5*j**2 + 4*j - 17. Determine k(-6).
-5
Let h(c) = -c**3 - 11*c**2 + 14*c - 16. Determine h(-12).
-40
Let d(a) = -a**3 + 15*a**2 - 12*a - 24. Determine d(14).
4
Let f(p) = -p**2 + 3*p + 5. What is f(-3)?
-13
Let t(u) = u**3 - 16*u**2 - 4*u + 40. Determine t(16).
-24
Let j(g) = -7*g + 2. Give j(-1).
9
Let r(n) = -n - 12. Give r(9).
-21
Let y(o) = o**3 - 12*o**2 - 19*o + 8. What is y(13)?
-70
Let h(p) = -p**2 + 11*p - 24. Determine h(7).
4
Let j(f) = f**2 - 6*f - 8. Give j(5).
-13
Let m(r) = r**2 + 19*r - 30. Determine m(-21).
12
Let t(i) = -7*i - 189. What is t(-28)?
7
Let v(n) = -21*n + 2. What is v(1)?
-19
Let m(k) = -35*k - 45. Give m(-2).
25
Let h(y) = y**3 - y**2 + 7*y + 1. Calculate h(4).
77
Let x(k) = 2*k**2 + 8*k - 4. Determine x(-3).
-10
Let k(z) = -2*z**3 - 12*z**2 + 14*z - 18. What is k(-7)?
-18
Let h(l) = l**3 - 56*l**2 - 116*l - 7. Determine h(58).
-7
Let x(o) = -5*o**2 - 40*o - 2. Calculate x(-8).
-2
Let m(v) = -v**2 + 17*v - 12. Calculate m(9).
60
Let x(u) = -u**3 - 4*u**2 - 3*u - 22. What is x(-4)?
-10
Let d(q) = -q**2 - 5*q + 41. Give d(-8).
17
Let h(n) = -2*n**2 - 4*n + 6. Determine h(-4).
-10
Let b(u) = -5*u - 4. Determine b(-4).
16
Let o(i) = -i**2 - 31*i - 131. Determine o(-5).
-1
Let o(y) = 73*y - 292. Calculate o(4).
0
Let l(s) = 18*s + 147. Give l(-8).
3
Let x(v) = -v**2 + 10*v + 16. Determine x(12).
-8
Let z(q) = q**3 - 9*q**2 - 3*q - 2. What is z(9)?
-29
Let s(w) = 2*w**3 - 6*w**2 + 6. Give s(2).
-2
Let a(m) = -m - 28. Determine a(-15).
-13
Let m(c) =